nder when n is divided by x.
39
Let d(u) = 2*u**3 - 32*u**2 + 4*u - 11. Let w be d(16). Suppose -5*q = r - w, -13 = -r - 0*q + 5*q. What is the remainder when r is divided by 15?
3
Suppose 94*x - 101*x + 7 = 0. Calculate the remainder when 327/3 + (x - 3)*-1 is divided by 39.
33
Suppose g + 3*a - 14 = 5*a, 38 = 4*g - 2*a. What is the remainder when 23 + -26 + (-9 + 8 - -403) is divided by g?
7
Let w(o) = 2*o**3 + 5*o**2 - o - 9. Let m be w(-3). Calculate the remainder when -51*10/m - 6 is divided by 7.
0
Let x(k) = 2*k**2 - 14*k + 42. What is the remainder when 607 is divided by x(6)?
7
Suppose 0 = 3*i + 30*v - 33*v - 2130, -3*i = -v - 2128. Suppose 0 = p + 207 - i. Calculate the remainder when p is divided by 84.
82
Let p(q) = q**3 - 10*q**2 + 7*q - 28. Let o be p(12). Suppose 778 = 22*r - o. What is the remainder when r is divided by 24?
3
Let f be 1/9 - 204/(-108). Calculate the remainder when 327 is divided by (-92)/(-28)*f + 6/14.
5
Suppose -2*p = 8*f - 58, -3*f + 0*p + 9 = 5*p. Suppose 0 = -5*a + 2*a + 5*h + 62, -3*h + 131 = 4*a. What is the remainder when a is divided by f?
5
Let k = 10 + 26. Suppose -40*h = -39*h - k. Let r(u) = 5*u**2 + 4*u + 5. Calculate the remainder when r(-4) is divided by h.
33
Suppose 6*o - 257 = -a, 3*o + 7*a = 4*a + 141. What is the remainder when 1549 is divided by o?
37
Let a(l) = l**3 + 5*l**2 - 3*l + 17. Let r be a(-6). What is the remainder when (738/4)/(r*(-7)/14) is divided by 34?
29
Suppose 3*v = -b - 0*b - 12, 0 = -5*b - 5*v - 10. Suppose -9*d + 22*d - 286 = 0. Calculate the remainder when 21/(1/b + 0) is divided by d.
19
Calculate the remainder when 102/68*((-5520)/(-9))/4 is divided by 55.
10
Let x(q) = 11*q**2 + 20*q - 18. Let g be x(-7). Let m = 398 - g. Suppose -2*a = -a - 26. Calculate the remainder when a is divided by m.
9
Suppose -137*z + 160047 + 12478 = -2835. Calculate the remainder when z is divided by 162.
146
Calculate the remainder when 1133 is divided by 3822/30 - 12/30.
117
Suppose -34*k + 369 = -623 - 62. Calculate the remainder when 361 is divided by k.
20
Suppose 4*l + 2*n = 386, 5*l + 17*n - 481 = 14*n. Calculate the remainder when 196 is divided by l.
0
Let c(y) = 12*y**2 + 81*y - 877. Let b be (16/2)/((-2)/(-21)). Suppose 0 = -0*h - 4*h + b. Calculate the remainder when c(6) is divided by h.
20
Suppose 0 = -f - 4*j + 12, 2*j - 6 + 2 = 0. Let s(k) = k + 135. Calculate the remainder when s(f) is divided by 36.
31
Suppose 5*u = 73 + 37. Suppose 0 = -y + 5 - 1. Calculate the remainder when 83 - (y - 3 - 3) is divided by u.
19
Let c = 317 + -251. What is the remainder when c is divided by (-990)/(-25) - 3 - (-2)/5?
29
Let h = -274 - -204. Calculate the remainder when 197 is divided by 151/3 - (-4 + h/(-21)).
44
Let p be (2 + 9)/(1/13). Suppose 3*t - 797 = -p. Let m(o) = 42*o - 82. What is the remainder when t is divided by m(3)?
42
Let f = 64 - 159. Let r = f + 85. What is the remainder when 71 is divided by (-100)/r*(-10)/(-4)?
21
Let r(y) = y**3 + 8*y**2 + 5*y - 18. Let m be r(-9). Let j = -152 + 234. Calculate the remainder when j is divided by 4*-2*-5 + m + 147.
39
Let a(s) = -s**2 + 2*s + 2*s**2 + 37 - 36. Let z(j) = j**2 + j + 2. Let g(v) = -3*a(v) + 4*z(v). Calculate the remainder when g(8) is divided by 18.
17
Suppose -2*h - 3*h = -150. Let a = 71 - h. Calculate the remainder when a is divided by 1071/85*10/6.
20
Suppose -p = 2*k + 56 - 191, 0 = -3*k - 3*p + 198. Suppose 1460*w = 1455*w + 190. What is the remainder when k is divided by w?
31
Let r(q) = -5*q**3 + 3*q**2 + 3*q + 31. What is the remainder when r(-5) is divided by 45?
41
Let c = -188 - -285. What is the remainder when c is divided by 35?
27
Let m = 11880 + -11861. Suppose -216 = -3*j + 3*t, 5*j + t - 48 - 312 = 0. What is the remainder when (2 + j)*2/4 is divided by m?
18
Let i(n) = -16*n**2 + 9*n**2 + 31*n - 44 - 15*n**2 - n**3. Let c be i(-24). Let a = c - 260. What is the remainder when a is divided by 21?
20
Suppose -3*o + 26626 - 464 = 521. What is the remainder when o is divided by 103?
101
Suppose 5*w + 207 = 2*k + k, -w = -2*k + 138. Calculate the remainder when 170 is divided by k.
32
Let d(m) = -90*m**3 + m**2 + 2. Calculate the remainder when d(-3) is divided by 52.
49
Calculate the remainder when 786 is divided by (15 - 3219/203)/(6/(-28)).
2
Suppose -140 = -14*q - 0*q. Let x(l) = l**2 - 6*l - 10. Let t(n) = -n. Let f(m) = 2*t(m) + x(m). What is the remainder when 37 is divided by f(q)?
7
Suppose -11521*y + 11847*y = 10432. Let g(l) = -73*l**3 - l**2 - l - 1. Calculate the remainder when g(-1) is divided by y.
8
Suppose -116*h + 14271 - 2049 = -9470. What is the remainder when 2430 is divided by h?
186
Suppose 403 = -4*b + 1427. Let n = 261 - b. Calculate the remainder when 107 is divided by n.
2
Suppose -2*a - 149*t + 1900 = -146*t, 0 = -a - t + 950. What is the remainder when a is divided by 23?
7
Suppose -13*c = -5*h - 1284, c - 396 = -3*c + 2*h. What is the remainder when c is divided by 8?
2
Let o = -68 + 140. Let k = -41 + o. Suppose n - 5*a - 116 = 0, 59*n = 55*n - 5*a + 489. What is the remainder when n is divided by k?
28
Let k be (-1299)/12 + (-5)/(-20). Let t = -107 - k. Let o(z) = 4*z**2 + 2*z. What is the remainder when o(-1) is divided by t?
0
Let n be -10*(-24)/112 - (-1)/(-7). Let g(l) = 2*l**2 + 5. Calculate the remainder when g(4) is divided by (-8)/n*1102/(-232).
18
Let x(l) = -3*l + 166. Calculate the remainder when x(14) is divided by 41.
1
Let w be (-8352)/(-45) + 3/(-5). Let j = w - 363. Calculate the remainder when 0*(-2)/(-8) - j is divided by 13.
9
Let b = 13408 + -13402. Suppose -3*o + 2*r + 72 = -3*r, 0 = -3*o + 2*r + 63. Calculate the remainder when o is divided by b.
1
Let a(t) = 9 + t**3 - 2*t**3 - 19*t**2 + 2*t**3 + 10. What is the remainder when 226 is divided by a(19)?
17
Let d = -10589 - -13481. What is the remainder when d is divided by 63?
57
Let z = 2485 - 1993. Calculate the remainder when z is divided by 492.
0
Suppose 80 = 5*n + 3*r - 245, n - 2*r = 52. Let h = n + -48. Let v(b) = -5*b + 126. Calculate the remainder when h is divided by v(23).
3
Let m be ((-198)/(-55))/(3/770). Suppose 32*d - m = 10*d. Calculate the remainder when d is divided by (2 + 0)/(2/11).
9
Let o = 4060 + -4051. Suppose x - 11 = 11. Calculate the remainder when x is divided by o.
4
Suppose -4*p + 566 = 38. Suppose -227*x = 13*x - 11280. What is the remainder when p is divided by x?
38
Let k be (-6)/33 + (-48)/(-22). Let t be 28/10 - 8/(-40). Suppose 15 = -t*l - 2*l, k*g = -3*l + 125. Calculate the remainder when g is divided by 17.
16
Let c(o) = 160*o**3 - 2*o**2 + 3*o - 2. Suppose -4*n + 20 = -0*n. Suppose n*s - 6 = -s. Calculate the remainder when c(s) is divided by 40.
39
Let y = 128 - 118. Suppose y*d - 1275 = 775. What is the remainder when d is divided by 16?
13
Suppose -2*b = -d - 8, 10*b + 2*d = 5*b + 20. Suppose 2*q - 76 = -4*v + b, -5*v - 140 = -5*q. What is the remainder when q is divided by 19?
13
Suppose 0 = -7*t - 0*t - 3*t. Calculate the remainder when (t - 7827/(-33)) + (-10)/55 is divided by 81.
75
Suppose 9*u - 529 + 43 = 0. Suppose -3*i - 3*w + 0*w = -78, -3*w - 90 = -3*i. What is the remainder when u is divided by i?
26
Let o(k) = 5*k**2 + 25*k + 8. Let z be o(-5). Let y(l) = 8 + 7*l + 8*l**2 - l + 8 - l**3. Calculate the remainder when y(z) is divided by 11.
9
Let j(w) = 2*w**3 - 3*w**2 - 5*w - 3. Let b(d) = -d**3 - 16*d**2 - 30*d - 24. Let r be b(-14). Calculate the remainder when j(r) is divided by 18.
3
Let d(w) = w + 2. Let s be d(2). Calculate the remainder when 2 is divided by -5 + -8 + (18 - s).
0
Let r = 26491 + -23502. Calculate the remainder when r is divided by 377.
350
Let j(g) = -10*g - 1. Let w be j(-1). Suppose -8*v + w*v = 42. Calculate the remainder when (1 - 7)*(-70)/v is divided by 2.
0
Suppose -8*y + 936 = 15*y - 5*y. Calculate the remainder when 442 is divided by y.
26
Let h be (-1 + 3)/(2/(-4 - -8)). Let z(a) = -a + 40. Calculate the remainder when -474*(25/(-6) + h)*2 is divided by z(0).
38
Suppose 0 = -i + 78 - 18. Suppose 6*v = -18 + i. Calculate the remainder when 10 is divided by v.
3
Suppose -p = 4*r - 3*r - 13, 3*r + 9 = 3*p. Let m(n) = n**3 - 8*n**2 + 3*n - 9. What is the remainder when 594/10 + (-4)/10 is divided by m(p)?
14
Suppo